8
What is the remainder when 225 is divided by 36?
9
Calculate the remainder when 107 is divided by 53.
1
What is the remainder when 2477 is divided by 248?
245
What is the remainder when 779 is divided by 17?
14
Calculate the remainder when 543 is divided by 39.
36
What is the remainder when 453 is divided by 76?
73
What is the remainder when 719 is divided by 40?
39
Calculate the remainder when 268 is divided by 68.
64
Calculate the remainder when 33456 is divided by 35.
31
Calculate the remainder when 1053 is divided by 177.
168
Calculate the remainder when 156 is divided by 50.
6
Calculate the remainder when 1407 is divided by 12.
3
Calculate the remainder when 38 is divided by 12.
2
What is the remainder when 712 is divided by 42?
40
What is the remainder when 598 is divided by 43?
39
Calculate the remainder when 282 is divided by 57.
54
Calculate the remainder when 4606 is divided by 11.
8
Calculate the remainder when 4337 is divided by 49.
25
Calculate the remainder when 23 is divided by 15.
8
Calculate the remainder when 94 is divided by 26.
16
Calculate the remainder when 536 is divided by 142.
110
Calculate the remainder when 122 is divided by 6.
2
What is the remainder when 3291 is divided by 8?
3
What is the remainder when 117 is divided by 62?
55
What is the remainder when 206 is divided by 52?
50
Calculate the remainder when 299 is divided by 121.
57
What is the remainder when 513 is divided by 165?
18
Calculate the remainder when 7 is divided by 5.
2
Calculate the remainder when 480 is divided by 83.
65
What is the remainder when 636 is divided by 149?
40
What is the remainder when 457 is divided by 48?
25
What is the remainder when 1075 is divided by 47?
41
What is the remainder when 1226 is divided by 15?
11
Calculate the remainder when 1793 is divided by 50.
43
Calculate the remainder when 3687 is divided by 217.
215
Calculate the remainder when 359 is divided by 73.
67
Calculate the remainder when 151 is divided by 52.
47
What is the remainder when 1280 is divided by 46?
38
What is the remainder when 268 is divided by 42?
16
Calculate the remainder when 11608 is divided by 30.
28
What is the remainder when 191 is divided by 20?
11
Calculate the remainder when 58 is divided by 31.
27
Calculate the remainder when 183 is divided by 11.
7
Calculate the remainder when 1887 is divided by 12.
3
What is the remainder when 5054 is divided by 92?
86
What is the remainder when 191 is divided by 98?
93
What is the remainder when 603 is divided by 122?
115
What is the remainder when 172 is divided by 30?
22
Calculate the remainder when 756 is divided by 248.
12
Calculate the remainder when 1417 is divided by 10.
7
Calculate the remainder when 93 is divided by 19.
17
What is the remainder when 459 is divided by 20?
19
What is the remainder when 167 is divided by 12?
11
What is the remainder when 6141 is divided by 7?
2
Calculate the remainder when 191 is divided by 96.
95
Calculate the remainder when 1248 is divided by 1245.
3
Calculate the remainder when 170 is divided by 94.
76
What is the remainder when 159 is divided by 11?
5
Calculate the remainder when 60 is divided by 54.
6
Calculate the remainder when 6798 is divided by 252.
246
What is the remainder when 187 is divided by 48?
43
Calculate the remainder when 1031 is divided by 24.
23
Calculate the remainder when 353 is divided by 90.
83
Calculate the remainder when 58 is divided by 57.
1
What is the remainder when 1672 is divided by 186?
184
What is the remainder when 191 is divided by 41?
27
What is the remainder when 1453 is divided by 104?
101
What is the remainder when 204 is divided by 13?
9
What is the remainder when 930 is divided by 194?
154
What is the remainder when 251 is divided by 119?
13
What is the remainder when 18791 is divided by 12?
11
What is the remainder when 16 is divided by 6?
4
What is the remainder when 79 is divided by 4?
3
What is the remainder when 519 is divided by 37?
1
What is the remainder when 467 is divided by 4?
3
Calculate the remainder when 166 is divided by 24.
22
Calculate the remainder when 842 is divided by 50.
42
Calculate the remainder when 139 is divided by 2.
1
Calculate the remainder when 124 is divided by 26.
20
What is the remainder when 1103 is divided by 48?
47
What is the remainder when 4919 is divided by 8?
7
Calculate the remainder when 888 is divided by 53.
40
Calculate the remainder when 126 is divided by 38.
12
What is the remainder when 1281 is divided by 26?
7
Calculate the remainder when 1 is divided by 1.
0
Calculate the remainder when 98 is divided by 31.
5
Calculate the remainder when 1012 is divided by 12.
4
What is the remainder when 116 is divided by 42?
32
What is the remainder when 510 is divided by 117?
42
What is the remainder when 16047 is divided by 68?
67
Calculate the remainder when 3525 is divided by 14.
11
Calculate the remainder when 4752 is divided by 122.
116
Calculate the remainder when 112 is divided by 31.
19
Calculate the remainder when 397 is divided by 8.
5
What is the remainder when 706 is divided by 231?
13
What is the remainder when 241 is divided by 74?
19
What is the remainder when 175 is divided by 84?
7
What is the remainder when 1574 is divided by 176?
166
Calculate the remainder when 176 is divided by 45.
41
Calculate the remainder when 18213 is divided by 276.
273
What is the remainder when 11 is divided by 7?
4
Calculate the remainder when 437 is divided by 110.
107
What is the remainder when 219 is divided by 116?
103
Calculate the remainder when 101 is divided by 35.
31
Calculate the remainder when 113 is divided by 45.
23
What is the remainder when 672 is divided by 45?
42
What is the remainder when 236 is divided by 34?
32
Calculate the remainder when 347 is divided by 4.
3
Calculate the remainder when 127 is divided by 63.
1
Calculate the remainder when 1118 is divided by 66.
62
Calculate the remainder when 107 is divided by 51.
5
Calculate the remainder when 159 is divided by 114.
45
What is the remainder when 189 is divided by 60?
9
Calculate the remainder when 191 is divided by 96.
95
What is the remainder when 102 is divided by 79?
23
Calculate the remainder when 3963 is divided by 27.
21
What is the remainder when 877 is divided by 40?
37
Calculate the remainder when 48 is divided by 2.
0
Calculate the remainder when 302 is divided by 17.
13
What is the remainder when 40 is divided by 12?
4
Calculate the remainder when 3819 is divided by 22.
13
What is the remainder when 678 is divided by 85?
83
Calculate the remainder when 3184 is divided by 24.
16
Calculate the remainder when 231 is divided by 64.
39
Calculate the remainder when 22 is divided by 13.
9
What is the remainder when 10258 is divided by 135?
133
Calculate the remainder when 11980 is divided by 26.
20
Calculate the remainder when 132 is divided by 35.
27
Calculate the remainder when 97 is divided by 22.
9
Calculate the remainder when 157 is divided by 64.
29
What is the remainder when 4698 is divided by 25?
23
Calculate the remainder when 33 is divided by 17.
16
What is the remainder when 2686 is divided by 121?
24
Calculate the remainder when 38 is divided by 5.
3
Calculate the remainder when 168 is divided by 116.
52
What is the remainder when 2705 is divided by 21?
17
Calculate the remainder when 731 is divided by 27.
2
What is the remainder when 197 is divided by 117?
80
What is the remainder when 8 is divided by 3?
2
What is the remainder when 667 is divided by 146?
83
What is the remainder when 10430 is divided by 57?
56
What is the remainder when 35474 is divided by 11?
10
Calculate the remainder when 180 is divided by 24.
12
What is the remainder when 286 is divided by 8?
6
Calculate the remainder when 804 is divided by 20.
4
What is the remainder when 370 is divided by 17?
13
Calculate the remainder when 181 is divided by 46.
43
What is the remainder when 26 is divided by 11?
4
Calculate the remainder when 173 is divided by 25.
23
What is the remainder when 249 is divided by 29?
17
Calculate the remainder when 811 is divided by 436.
375
Calculate the remainder when 535 is divided by 278.
257
Calculate the remainder when 679 is divided by 136.
135
Calculate the remainder when 758 is divided by 38.
36
W